{"id":98,"date":"2018-11-23T23:48:06","date_gmt":"2018-11-23T22:48:06","guid":{"rendered":"http:\/\/www.gulliverzlin.cz\/wpress\/?page_id=98"},"modified":"2026-04-30T14:27:25","modified_gmt":"2026-04-30T12:27:25","slug":"program","status":"publish","type":"page","link":"https:\/\/www.gulliverzlin.cz\/wpress\/program\/","title":{"rendered":"Program"},"content":{"rendered":"\n<div class=\"wp-block-buttons is-content-justification-center is-layout-flex wp-container-core-buttons-is-layout-16018d1d wp-block-buttons-is-layout-flex\">\n<div class=\"wp-block-button is-style-outline is-style-outline--1\"><a class=\"wp-block-button__link wp-element-button\" href=\"https:\/\/www.facebook.com\/Gulliverzlin\/events\" target=\"_blank\" rel=\"noreferrer noopener\"><strong>KOMPLETN\u00cd KULTURN\u00cd PROGRAM NA FACEBOOKU<\/strong><\/a><\/div>\n<\/div>\n\n\n\n<p>&nbsp;&nbsp;<\/p>\n\n\n\n<figure class=\"wp-block-gallery aligncenter has-nested-images columns-default is-cropped wp-block-gallery-2 is-layout-flex wp-block-gallery-is-layout-flex\">\n<figure class=\"wp-block-image size-full is-style-default\"><img fetchpriority=\"high\" decoding=\"async\" width=\"1811\" height=\"2560\" data-id=\"949\" src=\"https:\/\/www.gulliverzlin.cz\/wpress\/wp-content\/uploads\/2026\/04\/Program_kveten_2026_final_tisk-scaled.jpg\" alt=\"\" class=\"wp-image-949\" srcset=\"https:\/\/www.gulliverzlin.cz\/wpress\/wp-content\/uploads\/2026\/04\/Program_kveten_2026_final_tisk-scaled.jpg 1811w, https:\/\/www.gulliverzlin.cz\/wpress\/wp-content\/uploads\/2026\/04\/Program_kveten_2026_final_tisk-212x300.jpg 212w, https:\/\/www.gulliverzlin.cz\/wpress\/wp-content\/uploads\/2026\/04\/Program_kveten_2026_final_tisk-724x1024.jpg 724w, https:\/\/www.gulliverzlin.cz\/wpress\/wp-content\/uploads\/2026\/04\/Program_kveten_2026_final_tisk-768x1086.jpg 768w, https:\/\/www.gulliverzlin.cz\/wpress\/wp-content\/uploads\/2026\/04\/Program_kveten_2026_final_tisk-1086x1536.jpg 1086w, https:\/\/www.gulliverzlin.cz\/wpress\/wp-content\/uploads\/2026\/04\/Program_kveten_2026_final_tisk-1448x2048.jpg 1448w, https:\/\/www.gulliverzlin.cz\/wpress\/wp-content\/uploads\/2026\/04\/Program_kveten_2026_final_tisk-106x150.jpg 106w\" sizes=\"(max-width: 1811px) 100vw, 1811px\" \/><\/figure>\n<\/figure>\n\n\n\n<div class=\"wp-block-columns are-vertically-aligned-center is-layout-flex wp-container-core-columns-is-layout-9d6595d7 wp-block-columns-is-layout-flex\">\n<div class=\"wp-block-column is-vertically-aligned-center is-layout-flow wp-block-column-is-layout-flow\" style=\"flex-basis:100%\"><script>(function() {\n\twindow.mc4wp = window.mc4wp || {\n\t\tlisteners: [],\n\t\tforms: {\n\t\t\ton: function(evt, cb) {\n\t\t\t\twindow.mc4wp.listeners.push(\n\t\t\t\t\t{\n\t\t\t\t\t\tevent   : evt,\n\t\t\t\t\t\tcallback: cb\n\t\t\t\t\t}\n\t\t\t\t);\n\t\t\t}\n\t\t}\n\t}\n})();\n<\/script><!-- Mailchimp for WordPress v4.12.2 - https:\/\/wordpress.org\/plugins\/mailchimp-for-wp\/ --><form id=\"mc4wp-form-1\" class=\"mc4wp-form mc4wp-form-455 mc4wp-form-theme mc4wp-form-theme-red\" method=\"post\" data-id=\"455\" data-name=\"Kulturn\u00ed tipy\" ><div class=\"mc4wp-form-fields\"><body>\r\n    <div style=\"width: 600px; margin-left: auto; margin-right: auto;\"><p>\r\n    \r\n<p>\r\n<p>    \r\n\t<label>\r\n\t\t<input type=\"email\" name=\"EMAIL\" placeholder=\"zde napi\u0161te va\u0161i e-mailovou adresu\" required \/>\r\n<\/label>\r\n<\/p>\r\n\r\n<p>\r\n\t<input type=\"submit\" value=\"\u25ba CHCI SI NECHAT POS\u00cdLAT M\u011aS\u00cd\u010cN\u00cd KULTURN\u00cd PROGRAM \u25c4\" \/>\r\n<\/p>\r\n      \r\n         <\/div>\r\n<\/body>\r\n<\/div><label style=\"display: none !important;\">Leave this field empty if you&#8217;re human: <input type=\"text\" name=\"_mc4wp_honeypot\" value=\"\" tabindex=\"-1\" autocomplete=\"off\" \/><\/label><input type=\"hidden\" name=\"_mc4wp_timestamp\" value=\"1777603125\" \/><input type=\"hidden\" name=\"_mc4wp_form_id\" value=\"455\" \/><input type=\"hidden\" name=\"_mc4wp_form_element_id\" value=\"mc4wp-form-1\" \/><div class=\"mc4wp-response\"><\/div><\/form><!-- \/ Mailchimp for WordPress Plugin -->\n\n\n<div class=\"wp-block-columns is-layout-flex wp-container-core-columns-is-layout-9d6595d7 wp-block-columns-is-layout-flex\">\n<div class=\"wp-block-column is-layout-flow wp-block-column-is-layout-flow\" style=\"flex-basis:100%\">\n<div class=\"wp-block-columns is-layout-flex wp-container-core-columns-is-layout-9d6595d7 wp-block-columns-is-layout-flex\">\n<div class=\"wp-block-column is-layout-flow wp-block-column-is-layout-flow\">\n<figure class=\"wp-block-image size-full\"><img decoding=\"async\" width=\"2000\" height=\"820\" src=\"https:\/\/www.gulliverzlin.cz\/wpress\/wp-content\/uploads\/2025\/04\/zlin_claim_black_.png\" alt=\"\" class=\"wp-image-762\" srcset=\"https:\/\/www.gulliverzlin.cz\/wpress\/wp-content\/uploads\/2025\/04\/zlin_claim_black_.png 2000w, https:\/\/www.gulliverzlin.cz\/wpress\/wp-content\/uploads\/2025\/04\/zlin_claim_black_-300x123.png 300w, https:\/\/www.gulliverzlin.cz\/wpress\/wp-content\/uploads\/2025\/04\/zlin_claim_black_-1024x420.png 1024w, https:\/\/www.gulliverzlin.cz\/wpress\/wp-content\/uploads\/2025\/04\/zlin_claim_black_-768x315.png 768w, https:\/\/www.gulliverzlin.cz\/wpress\/wp-content\/uploads\/2025\/04\/zlin_claim_black_-1536x630.png 1536w, https:\/\/www.gulliverzlin.cz\/wpress\/wp-content\/uploads\/2025\/04\/zlin_claim_black_-150x62.png 150w, https:\/\/www.gulliverzlin.cz\/wpress\/wp-content\/uploads\/2025\/04\/zlin_claim_black_-250x103.png 250w\" sizes=\"(max-width: 2000px) 100vw, 2000px\" \/><\/figure>\n<\/div>\n\n\n\n<div class=\"wp-block-column is-layout-flow wp-block-column-is-layout-flow\">\n<figure class=\"wp-block-image size-full\"><img decoding=\"async\" width=\"800\" height=\"325\" src=\"https:\/\/www.gulliverzlin.cz\/wpress\/wp-content\/uploads\/2025\/04\/Logo-Zlinsky-kraj-JPG-cerne.jpg\" alt=\"\" class=\"wp-image-759\" srcset=\"https:\/\/www.gulliverzlin.cz\/wpress\/wp-content\/uploads\/2025\/04\/Logo-Zlinsky-kraj-JPG-cerne.jpg 800w, https:\/\/www.gulliverzlin.cz\/wpress\/wp-content\/uploads\/2025\/04\/Logo-Zlinsky-kraj-JPG-cerne-300x122.jpg 300w, https:\/\/www.gulliverzlin.cz\/wpress\/wp-content\/uploads\/2025\/04\/Logo-Zlinsky-kraj-JPG-cerne-768x312.jpg 768w, https:\/\/www.gulliverzlin.cz\/wpress\/wp-content\/uploads\/2025\/04\/Logo-Zlinsky-kraj-JPG-cerne-150x61.jpg 150w, https:\/\/www.gulliverzlin.cz\/wpress\/wp-content\/uploads\/2025\/04\/Logo-Zlinsky-kraj-JPG-cerne-250x102.jpg 250w\" sizes=\"(max-width: 800px) 100vw, 800px\" \/><\/figure>\n<\/div>\n<\/div>\n<\/div>\n<\/div>\n\n\n\n<p style=\"text-align: center;\"><strong>Kulturn\u00ed akce po\u0159\u00e1d\u00e1me za \u010d\u00e1ste\u010dn\u00e9 podpory Statut\u00e1rn\u00edho m\u011bsta Zl\u00edn a Zl\u00ednsk\u00e9ho kraje.<\/strong><\/p>\n<p>&nbsp;<\/p>\n<\/div>\n<\/div>\n\n\n<p><iframe src=\"https:\/\/www.smsticket.cz\/api\/widgets\/iframe?promoter=4576\" width=\"100%\" height=\"1000\" frameborder=\"0\" scrolling=\"auto\"><\/iframe><\/p>","protected":false},"excerpt":{"rendered":"<p>&nbsp;&nbsp; Kulturn\u00ed akce po\u0159\u00e1d\u00e1me za \u010d\u00e1ste\u010dn\u00e9 podpory Statut\u00e1rn\u00edho m\u011bsta Zl\u00edn a Zl\u00ednsk\u00e9ho kraje. &nbsp;<\/p>\n","protected":false},"author":1,"featured_media":0,"parent":0,"menu_order":0,"comment_status":"closed","ping_status":"closed","template":"","meta":{"footnotes":""},"class_list":["post-98","page","type-page","status-publish","hentry"],"_links":{"self":[{"href":"https:\/\/www.gulliverzlin.cz\/wpress\/wp-json\/wp\/v2\/pages\/98","targetHints":{"allow":["GET"]}}],"collection":[{"href":"https:\/\/www.gulliverzlin.cz\/wpress\/wp-json\/wp\/v2\/pages"}],"about":[{"href":"https:\/\/www.gulliverzlin.cz\/wpress\/wp-json\/wp\/v2\/types\/page"}],"author":[{"embeddable":true,"href":"https:\/\/www.gulliverzlin.cz\/wpress\/wp-json\/wp\/v2\/users\/1"}],"replies":[{"embeddable":true,"href":"https:\/\/www.gulliverzlin.cz\/wpress\/wp-json\/wp\/v2\/comments?post=98"}],"version-history":[{"count":135,"href":"https:\/\/www.gulliverzlin.cz\/wpress\/wp-json\/wp\/v2\/pages\/98\/revisions"}],"predecessor-version":[{"id":950,"href":"https:\/\/www.gulliverzlin.cz\/wpress\/wp-json\/wp\/v2\/pages\/98\/revisions\/950"}],"wp:attachment":[{"href":"https:\/\/www.gulliverzlin.cz\/wpress\/wp-json\/wp\/v2\/media?parent=98"}],"curies":[{"name":"wp","href":"https:\/\/api.w.org\/{rel}","templated":true}]}}

<div class="wp-block-buttons is-content-justification-center is-layout-flex wp-container-core-buttons-is-layout-16018d1d wp-block-buttons-is-layout-flex">
<div class="wp-block-button is-style-outline is-style-outline--1"><a class="wp-block-button__link wp-element-button" href="https://www.facebook.com/Gulliverzlin/events" target="_blank" rel="noreferrer noopener"><strong>KOMPLETNÍ KULTURNÍ PROGRAM NA FACEBOOKU</strong></a></div>
</div>



<p>&nbsp;&nbsp;</p>



<figure class="wp-block-gallery aligncenter has-nested-images columns-default is-cropped wp-block-gallery-2 is-layout-flex wp-block-gallery-is-layout-flex">
<figure class="wp-block-image size-full is-style-default"><img fetchpriority="high" decoding="async" width="1811" height="2560" data-id="949" src="https://www.gulliverzlin.cz/wpress/wp-content/uploads/2026/04/Program_kveten_2026_final_tisk-scaled.jpg" alt="" class="wp-image-949" srcset="https://www.gulliverzlin.cz/wpress/wp-content/uploads/2026/04/Program_kveten_2026_final_tisk-scaled.jpg 1811w, https://www.gulliverzlin.cz/wpress/wp-content/uploads/2026/04/Program_kveten_2026_final_tisk-212x300.jpg 212w, https://www.gulliverzlin.cz/wpress/wp-content/uploads/2026/04/Program_kveten_2026_final_tisk-724x1024.jpg 724w, https://www.gulliverzlin.cz/wpress/wp-content/uploads/2026/04/Program_kveten_2026_final_tisk-768x1086.jpg 768w, https://www.gulliverzlin.cz/wpress/wp-content/uploads/2026/04/Program_kveten_2026_final_tisk-1086x1536.jpg 1086w, https://www.gulliverzlin.cz/wpress/wp-content/uploads/2026/04/Program_kveten_2026_final_tisk-1448x2048.jpg 1448w, https://www.gulliverzlin.cz/wpress/wp-content/uploads/2026/04/Program_kveten_2026_final_tisk-106x150.jpg 106w" sizes="(max-width: 1811px) 100vw, 1811px" /></figure>
</figure>



<div class="wp-block-columns are-vertically-aligned-center is-layout-flex wp-container-core-columns-is-layout-9d6595d7 wp-block-columns-is-layout-flex">
<div class="wp-block-column is-vertically-aligned-center is-layout-flow wp-block-column-is-layout-flow" style="flex-basis:100%"><script>(function() {
	window.mc4wp = window.mc4wp || {
		listeners: [],
		forms: {
			on: function(evt, cb) {
				window.mc4wp.listeners.push(
					{
						event   : evt,
						callback: cb
					}
				);
			}
		}
	}
})();
</script><!-- Mailchimp for WordPress v4.12.2 - https://wordpress.org/plugins/mailchimp-for-wp/ --><form id="mc4wp-form-1" class="mc4wp-form mc4wp-form-455 mc4wp-form-theme mc4wp-form-theme-red" method="post" data-id="455" data-name="Kulturní tipy" ><div class="mc4wp-form-fields"><body>
    <div style="width: 600px; margin-left: auto; margin-right: auto;"><p>
    
<p>
<p>    
	<label>
		<input type="email" name="EMAIL" placeholder="zde napište vaši e-mailovou adresu" required />
</label>
</p>

<p>
	<input type="submit" value="► CHCI SI NECHAT POSÍLAT MĚSÍČNÍ KULTURNÍ PROGRAM ◄" />
</p>
      
         </div>
</body>
</div><label style="display: none !important;">Leave this field empty if you&#8217;re human: <input type="text" name="_mc4wp_honeypot" value="" tabindex="-1" autocomplete="off" /></label><input type="hidden" name="_mc4wp_timestamp" value="1777603125" /><input type="hidden" name="_mc4wp_form_id" value="455" /><input type="hidden" name="_mc4wp_form_element_id" value="mc4wp-form-1" /><div class="mc4wp-response"></div></form><!-- / Mailchimp for WordPress Plugin -->


<div class="wp-block-columns is-layout-flex wp-container-core-columns-is-layout-9d6595d7 wp-block-columns-is-layout-flex">
<div class="wp-block-column is-layout-flow wp-block-column-is-layout-flow" style="flex-basis:100%">
<div class="wp-block-columns is-layout-flex wp-container-core-columns-is-layout-9d6595d7 wp-block-columns-is-layout-flex">
<div class="wp-block-column is-layout-flow wp-block-column-is-layout-flow">
<figure class="wp-block-image size-full"><img decoding="async" width="2000" height="820" src="https://www.gulliverzlin.cz/wpress/wp-content/uploads/2025/04/zlin_claim_black_.png" alt="" class="wp-image-762" srcset="https://www.gulliverzlin.cz/wpress/wp-content/uploads/2025/04/zlin_claim_black_.png 2000w, https://www.gulliverzlin.cz/wpress/wp-content/uploads/2025/04/zlin_claim_black_-300x123.png 300w, https://www.gulliverzlin.cz/wpress/wp-content/uploads/2025/04/zlin_claim_black_-1024x420.png 1024w, https://www.gulliverzlin.cz/wpress/wp-content/uploads/2025/04/zlin_claim_black_-768x315.png 768w, https://www.gulliverzlin.cz/wpress/wp-content/uploads/2025/04/zlin_claim_black_-1536x630.png 1536w, https://www.gulliverzlin.cz/wpress/wp-content/uploads/2025/04/zlin_claim_black_-150x62.png 150w, https://www.gulliverzlin.cz/wpress/wp-content/uploads/2025/04/zlin_claim_black_-250x103.png 250w" sizes="(max-width: 2000px) 100vw, 2000px" /></figure>
</div>



<div class="wp-block-column is-layout-flow wp-block-column-is-layout-flow">
<figure class="wp-block-image size-full"><img decoding="async" width="800" height="325" src="https://www.gulliverzlin.cz/wpress/wp-content/uploads/2025/04/Logo-Zlinsky-kraj-JPG-cerne.jpg" alt="" class="wp-image-759" srcset="https://www.gulliverzlin.cz/wpress/wp-content/uploads/2025/04/Logo-Zlinsky-kraj-JPG-cerne.jpg 800w, https://www.gulliverzlin.cz/wpress/wp-content/uploads/2025/04/Logo-Zlinsky-kraj-JPG-cerne-300x122.jpg 300w, https://www.gulliverzlin.cz/wpress/wp-content/uploads/2025/04/Logo-Zlinsky-kraj-JPG-cerne-768x312.jpg 768w, https://www.gulliverzlin.cz/wpress/wp-content/uploads/2025/04/Logo-Zlinsky-kraj-JPG-cerne-150x61.jpg 150w, https://www.gulliverzlin.cz/wpress/wp-content/uploads/2025/04/Logo-Zlinsky-kraj-JPG-cerne-250x102.jpg 250w" sizes="(max-width: 800px) 100vw, 800px" /></figure>
</div>
</div>
</div>
</div>



<p style="text-align: center;"><strong>Kulturní akce pořádáme za částečné podpory Statutárního města Zlín a Zlínského kraje.</strong></p>
<p>&nbsp;</p>
</div>
</div>


<p><iframe src="https://www.smsticket.cz/api/widgets/iframe?promoter=4576" width="100%" height="1000" frameborder="0" scrolling="auto"></iframe></p>

<p>&nbsp;&nbsp; Kulturní akce pořádáme za částečné podpory Statutárního města Zlín a Zlínského kraje. &nbsp;</p>
