{"id":63,"date":"2018-11-23T21:32:30","date_gmt":"2018-11-23T20:32:30","guid":{"rendered":"http:\/\/www.gulliverzlin.cz\/wpress\/?page_id=63"},"modified":"2026-03-04T15:05:25","modified_gmt":"2026-03-04T14:05:25","slug":"home","status":"publish","type":"page","link":"https:\/\/www.gulliverzlin.cz\/wpress\/","title":{"rendered":""},"content":{"rendered":"\n<div class=\"wp-block-columns is-layout-flex wp-container-core-columns-is-layout-9d6595d7 wp-block-columns-is-layout-flex\">\n<div class=\"wp-block-column is-layout-flow wp-block-column-is-layout-flow\"><div class=\"wp-block-image\">\n<figure class=\"aligncenter size-full\"><img fetchpriority=\"high\" decoding=\"async\" width=\"2560\" height=\"1707\" src=\"https:\/\/www.gulliverzlin.cz\/wpress\/wp-content\/uploads\/2022\/09\/IMG_6859-scaled.jpg\" alt=\"\" class=\"wp-image-352\" srcset=\"https:\/\/www.gulliverzlin.cz\/wpress\/wp-content\/uploads\/2022\/09\/IMG_6859-scaled.jpg 2560w, https:\/\/www.gulliverzlin.cz\/wpress\/wp-content\/uploads\/2022\/09\/IMG_6859-300x200.jpg 300w, https:\/\/www.gulliverzlin.cz\/wpress\/wp-content\/uploads\/2022\/09\/IMG_6859-1024x683.jpg 1024w, https:\/\/www.gulliverzlin.cz\/wpress\/wp-content\/uploads\/2022\/09\/IMG_6859-768x512.jpg 768w, https:\/\/www.gulliverzlin.cz\/wpress\/wp-content\/uploads\/2022\/09\/IMG_6859-1536x1024.jpg 1536w, https:\/\/www.gulliverzlin.cz\/wpress\/wp-content\/uploads\/2022\/09\/IMG_6859-2048x1365.jpg 2048w, https:\/\/www.gulliverzlin.cz\/wpress\/wp-content\/uploads\/2022\/09\/IMG_6859-150x100.jpg 150w, https:\/\/www.gulliverzlin.cz\/wpress\/wp-content\/uploads\/2022\/09\/IMG_6859-225x150.jpg 225w\" sizes=\"(max-width: 2560px) 100vw, 2560px\" \/><\/figure>\n<\/div><\/div>\n<\/div>\n\n\n\n<h4 class=\"wp-block-heading has-text-align-center\"><strong>Atmosf\u00e9rick\u00fd caf\u00e9 &#8211; bar &#8211; klub s pravideln\u00fdm <a href=\"https:\/\/www.gulliverzlin.cz\/wpress\/program\/\" data-type=\"link\" data-id=\"https:\/\/www.gulliverzlin.cz\/wpress\/program\/\" target=\"_blank\" rel=\"noreferrer noopener\">kulturn\u00edm programem<\/a> a origin\u00e1ln\u00ed nab\u00eddkou kvalitn\u00edch alko, nealko n\u00e1poj\u016f, \u010daj\u016f a pochutin jak od pr\u00e9miov\u00fdch v\u00fdrobc\u016f,&nbsp;tak z vlastn\u00ed produkce. Hlavn\u00ed specialitou jsou na\u0161e vlastn\u00ed origin\u00e1ln\u00ed limon\u00e1dy SYFOTEUS, kter\u00e9 luhujeme ze sm\u011bs\u00ed bylin, \u010daj\u016f a su\u0161en\u00e9ho ovoce. V nab\u00eddce m\u00e1me tak\u00e9 11 druh\u016f toust\u016f vlastn\u00edch receptur pro masomilce, vegetari\u00e1ny i vegany. <\/strong><\/h4>\n\n\n\n<h4 class=\"wp-block-heading has-text-align-center\"><strong><a href=\"https:\/\/www.gulliverzlin.cz\/wpress\/vyjezdni-velkokavarna\/\" target=\"_blank\" rel=\"noopener\">V\u00fdjezdn\u00ed Velkokav\u00e1rna<\/a>, neboli tak\u00e9 mobiln\u00ed verze na\u0161eho podniku, za v\u00e1mi dok\u00e1\u017ee p\u0159ijet kam je t\u0159eba. Origin\u00e1ln\u011b a s gr\u00e1ci\u00ed ob\u010derstv\u00edme va\u0161i ud\u00e1lost &#8211; festival, oslavu, party, komunitn\u00ed nebo firemn\u00ed akci, &#8230;<\/strong><\/h4>\n\n\n\n\n\n\n\n<div style=\"height:32px\" aria-hidden=\"true\" class=\"wp-block-spacer\"><\/div>\n\n\n\n<div class=\"wp-block-group is-content-justification-center is-nowrap is-layout-flex wp-container-core-group-is-layout-94bc23d7 wp-block-group-is-layout-flex\">\n<figure class=\"wp-block-image size-full is-resized\"><a href=\"https:\/\/www.facebook.com\/Gulliverzlin\" target=\"_blank\" rel=\" noreferrer noopener\"><img decoding=\"async\" width=\"228\" height=\"228\" src=\"https:\/\/www.gulliverzlin.cz\/wpress\/wp-content\/uploads\/2025\/11\/FB-logo-2.jpg\" alt=\"\" class=\"wp-image-866\" style=\"width:121px;height:auto\" srcset=\"https:\/\/www.gulliverzlin.cz\/wpress\/wp-content\/uploads\/2025\/11\/FB-logo-2.jpg 228w, https:\/\/www.gulliverzlin.cz\/wpress\/wp-content\/uploads\/2025\/11\/FB-logo-2-150x150.jpg 150w\" sizes=\"(max-width: 228px) 100vw, 228px\" \/><\/a><\/figure>\n\n\n<div class=\"aligncenter wp-block-site-logo\"><a href=\"https:\/\/www.gulliverzlin.cz\/wpress\/\" class=\"custom-logo-link\" rel=\"home\"><img decoding=\"async\" width=\"234\" height=\"234\" src=\"https:\/\/www.gulliverzlin.cz\/wpress\/wp-content\/uploads\/2025\/12\/logo_kruh_velkokavarna_bile_cze-300x300-1.png\" class=\"custom-logo\" alt=\"\" srcset=\"https:\/\/www.gulliverzlin.cz\/wpress\/wp-content\/uploads\/2025\/12\/logo_kruh_velkokavarna_bile_cze-300x300-1.png 1628w, https:\/\/www.gulliverzlin.cz\/wpress\/wp-content\/uploads\/2025\/12\/logo_kruh_velkokavarna_bile_cze-300x300-1-300x300.png 300w, https:\/\/www.gulliverzlin.cz\/wpress\/wp-content\/uploads\/2025\/12\/logo_kruh_velkokavarna_bile_cze-300x300-1-1024x1024.png 1024w, https:\/\/www.gulliverzlin.cz\/wpress\/wp-content\/uploads\/2025\/12\/logo_kruh_velkokavarna_bile_cze-300x300-1-150x150.png 150w, https:\/\/www.gulliverzlin.cz\/wpress\/wp-content\/uploads\/2025\/12\/logo_kruh_velkokavarna_bile_cze-300x300-1-768x768.png 768w, https:\/\/www.gulliverzlin.cz\/wpress\/wp-content\/uploads\/2025\/12\/logo_kruh_velkokavarna_bile_cze-300x300-1-1536x1536.png 1536w\" sizes=\"(max-width: 234px) 100vw, 234px\" \/><\/a><\/div>\n\n\n<figure class=\"wp-block-image size-full is-resized\"><a href=\"https:\/\/www.instagram.com\/velkokavarna_gulliver\/\" target=\"_blank\" rel=\" noreferrer noopener\"><img loading=\"lazy\" decoding=\"async\" width=\"228\" height=\"228\" src=\"https:\/\/www.gulliverzlin.cz\/wpress\/wp-content\/uploads\/2025\/11\/INSTAGRAM-logo.jpg\" alt=\"\" class=\"wp-image-865\" style=\"width:121px;height:auto\" srcset=\"https:\/\/www.gulliverzlin.cz\/wpress\/wp-content\/uploads\/2025\/11\/INSTAGRAM-logo.jpg 228w, https:\/\/www.gulliverzlin.cz\/wpress\/wp-content\/uploads\/2025\/11\/INSTAGRAM-logo-150x150.jpg 150w\" sizes=\"(max-width: 228px) 100vw, 228px\" \/><\/a><\/figure>\n<\/div>\n\n\n\n<div style=\"height:32px\" aria-hidden=\"true\" class=\"wp-block-spacer\"><\/div>\n\n\n\n<h4 style=\"text-align: center;\"><strong>koncerty, p\u0159edn\u00e1\u0161ky, besedy, prom\u00edt\u00e1n\u00ed, divadlo<\/strong><\/h4>\n<h4 style=\"text-align: center;\"><strong>soukrom\u00e9 oslavy, firemn\u00ed akce a ve\u010d\u00edrky<\/strong><\/h4>\n<h4 style=\"text-align: center;\"><strong>vzd\u011bl\u00e1v\u00e1n\u00ed, worshopy, kurzy<\/strong><\/h4>\n<h4 style=\"text-align: center;\"><strong>cateringov\u00e9 slu\u017eby<\/strong><\/h4>\n<p style=\"text-align: center;\"><strong>+<\/strong><\/p>\n<h3 style=\"text-align: center;\"><a href=\"https:\/\/www.gulliverzlin.cz\/wpress\/vyjezdni-velkokavarna\/\" target=\"_blank\" rel=\"noopener\"><strong>\u25ba\u25ba\u25ba\u00a0 V\u00ddJEZDN\u00cd VELKOKAV\u00c1RNA\u00a0 \u25c4\u25c4\u25c4<\/strong><\/a><\/h3>\n<p>\u00a0<\/p>\n\n\n\n<hr class=\"wp-block-separator has-alpha-channel-opacity\"\/>\n\n\n\n\n\n<h2 style=\"text-align: center;\"><strong><a href=\"https:\/\/www.gulliverzlin.cz\/wpress\/program\/\" target=\"_blank\" rel=\"noopener\">KULTURN\u00cd PROGRAM \/ P\u0158EDPRODEJ<\/a><\/strong><\/h2>\n\n\n<p><iframe src=\"https:\/\/www.smsticket.cz\/api\/widgets\/iframe?promoter=4576\" width=\"100%\" height=\"1000\" frameborder=\"0\" scrolling=\"auto\"><\/iframe><\/p>","protected":false},"excerpt":{"rendered":"<p>Atmosf\u00e9rick\u00fd caf\u00e9 &#8211; bar &#8211; klub s pravideln\u00fdm kulturn\u00edm programem a origin\u00e1ln\u00ed nab\u00eddkou kvalitn\u00edch alko, nealko n\u00e1poj\u016f, \u010daj\u016f a pochutin jak od pr\u00e9miov\u00fdch v\u00fdrobc\u016f,&nbsp;tak z vlastn\u00ed produkce. Hlavn\u00ed specialitou jsou na\u0161e vlastn\u00ed origin\u00e1ln\u00ed limon\u00e1dy SYFOTEUS, kter\u00e9 luhujeme ze sm\u011bs\u00ed bylin, \u010daj\u016f a su\u0161en\u00e9ho ovoce. V nab\u00eddce m\u00e1me tak\u00e9 11 druh\u016f&#8230; <a class=\"continue-reading-link\" href=\"https:\/\/www.gulliverzlin.cz\/wpress\/\"> Continue reading <span class=\"meta-nav\">&rarr; <\/span><\/a><\/p>\n","protected":false},"author":1,"featured_media":0,"parent":0,"menu_order":0,"comment_status":"closed","ping_status":"closed","template":"","meta":{"footnotes":""},"class_list":["post-63","page","type-page","status-publish","hentry"],"_links":{"self":[{"href":"https:\/\/www.gulliverzlin.cz\/wpress\/wp-json\/wp\/v2\/pages\/63","targetHints":{"allow":["GET"]}}],"collection":[{"href":"https:\/\/www.gulliverzlin.cz\/wpress\/wp-json\/wp\/v2\/pages"}],"about":[{"href":"https:\/\/www.gulliverzlin.cz\/wpress\/wp-json\/wp\/v2\/types\/page"}],"author":[{"embeddable":true,"href":"https:\/\/www.gulliverzlin.cz\/wpress\/wp-json\/wp\/v2\/users\/1"}],"replies":[{"embeddable":true,"href":"https:\/\/www.gulliverzlin.cz\/wpress\/wp-json\/wp\/v2\/comments?post=63"}],"version-history":[{"count":134,"href":"https:\/\/www.gulliverzlin.cz\/wpress\/wp-json\/wp\/v2\/pages\/63\/revisions"}],"predecessor-version":[{"id":938,"href":"https:\/\/www.gulliverzlin.cz\/wpress\/wp-json\/wp\/v2\/pages\/63\/revisions\/938"}],"wp:attachment":[{"href":"https:\/\/www.gulliverzlin.cz\/wpress\/wp-json\/wp\/v2\/media?parent=63"}],"curies":[{"name":"wp","href":"https:\/\/api.w.org\/{rel}","templated":true}]}}